[INFO] cloning repository https://github.com/wwwbjqcom/my-sqlparse-rs
[INFO] running `Command { std: "git" "-c" "credential.helper=" "-c" "credential.helper=/workspace/cargo-home/bin/git-credential-null" "clone" "--bare" "https://github.com/wwwbjqcom/my-sqlparse-rs" "/workspace/cache/git-repos/https%3A%2F%2Fgithub.com%2Fwwwbjqcom%2Fmy-sqlparse-rs", kill_on_drop: false }`
[INFO] [stderr] Cloning into bare repository '/workspace/cache/git-repos/https%3A%2F%2Fgithub.com%2Fwwwbjqcom%2Fmy-sqlparse-rs'...
[INFO] running `Command { std: "git" "rev-parse" "HEAD", kill_on_drop: false }`
[INFO] [stdout] d65cb5ee2af7ed207043361f0edfb4b083b236b9
[INFO] checking wwwbjqcom/my-sqlparse-rs against try#72f88fc4e9458f89516a0b8b0868f3718aec5b47 for pr-74989
[INFO] running `Command { std: "git" "clone" "/workspace/cache/git-repos/https%3A%2F%2Fgithub.com%2Fwwwbjqcom%2Fmy-sqlparse-rs" "/workspace/builds/worker-4/source", kill_on_drop: false }`
[INFO] [stderr] Cloning into '/workspace/builds/worker-4/source'...
[INFO] [stderr] done.
[INFO] validating manifest of git repo https://github.com/wwwbjqcom/my-sqlparse-rs on toolchain 72f88fc4e9458f89516a0b8b0868f3718aec5b47
[INFO] running `Command { std: "/workspace/cargo-home/bin/cargo" "+72f88fc4e9458f89516a0b8b0868f3718aec5b47" "read-manifest" "--manifest-path" "Cargo.toml", kill_on_drop: false }`
[INFO] started tweaking git repo https://github.com/wwwbjqcom/my-sqlparse-rs
[INFO] finished tweaking git repo https://github.com/wwwbjqcom/my-sqlparse-rs
[INFO] tweaked toml for git repo https://github.com/wwwbjqcom/my-sqlparse-rs written to /workspace/builds/worker-4/source/Cargo.toml
[INFO] crate git repo https://github.com/wwwbjqcom/my-sqlparse-rs already has a lockfile, it will not be regenerated
[INFO] running `Command { std: "/workspace/cargo-home/bin/cargo" "+72f88fc4e9458f89516a0b8b0868f3718aec5b47" "fetch" "--locked" "--manifest-path" "Cargo.toml", kill_on_drop: false }`
[INFO] [stderr]  Downloading crates ...
[INFO] [stderr]   Downloaded simple_logger v1.6.0
[INFO] running `Command { std: "docker" "create" "-v" "/var/lib/crater-agent-workspace/builds/worker-4/target:/opt/rustwide/target:rw,Z" "-v" "/var/lib/crater-agent-workspace/builds/worker-4/source:/opt/rustwide/workdir:ro,Z" "-v" "/var/lib/crater-agent-workspace/cargo-home:/opt/rustwide/cargo-home:ro,Z" "-v" "/var/lib/crater-agent-workspace/rustup-home:/opt/rustwide/rustup-home:ro,Z" "-e" "SOURCE_DIR=/opt/rustwide/workdir" "-e" "CARGO_TARGET_DIR=/opt/rustwide/target" "-e" "CARGO_HOME=/opt/rustwide/cargo-home" "-e" "RUSTUP_HOME=/opt/rustwide/rustup-home" "-w" "/opt/rustwide/workdir" "-m" "1610612736" "--user" "0:0" "--network" "none" "rustops/crates-build-env@sha256:d92eaeed33fa75130ca1ee6c8a01d1ffb62bac859dfdfb3450e3e5d1c0146529" "/opt/rustwide/cargo-home/bin/cargo" "+72f88fc4e9458f89516a0b8b0868f3718aec5b47" "metadata" "--no-deps" "--format-version=1", kill_on_drop: false }`
[INFO] [stdout] 53296940df3c8ea021efd8d5186f10f51ba7a02bb09eca4f7454c52b0684c78e
[INFO] [stderr] WARNING: Your kernel does not support swap limit capabilities or the cgroup is not mounted. Memory limited without swap.
[INFO] running `Command { std: "docker" "start" "-a" "53296940df3c8ea021efd8d5186f10f51ba7a02bb09eca4f7454c52b0684c78e", kill_on_drop: false }`
[INFO] running `Command { std: "docker" "inspect" "53296940df3c8ea021efd8d5186f10f51ba7a02bb09eca4f7454c52b0684c78e", kill_on_drop: false }`
[INFO] running `Command { std: "docker" "rm" "-f" "53296940df3c8ea021efd8d5186f10f51ba7a02bb09eca4f7454c52b0684c78e", kill_on_drop: false }`
[INFO] [stdout] 53296940df3c8ea021efd8d5186f10f51ba7a02bb09eca4f7454c52b0684c78e
[INFO] running `Command { std: "docker" "create" "-v" "/var/lib/crater-agent-workspace/builds/worker-4/target:/opt/rustwide/target:rw,Z" "-v" "/var/lib/crater-agent-workspace/builds/worker-4/source:/opt/rustwide/workdir:ro,Z" "-v" "/var/lib/crater-agent-workspace/cargo-home:/opt/rustwide/cargo-home:ro,Z" "-v" "/var/lib/crater-agent-workspace/rustup-home:/opt/rustwide/rustup-home:ro,Z" "-e" "SOURCE_DIR=/opt/rustwide/workdir" "-e" "CARGO_TARGET_DIR=/opt/rustwide/target" "-e" "CARGO_INCREMENTAL=0" "-e" "RUST_BACKTRACE=full" "-e" "RUSTFLAGS=--cap-lints=forbid" "-e" "CARGO_HOME=/opt/rustwide/cargo-home" "-e" "RUSTUP_HOME=/opt/rustwide/rustup-home" "-w" "/opt/rustwide/workdir" "-m" "1610612736" "--user" "0:0" "--network" "none" "rustops/crates-build-env@sha256:d92eaeed33fa75130ca1ee6c8a01d1ffb62bac859dfdfb3450e3e5d1c0146529" "/opt/rustwide/cargo-home/bin/cargo" "+72f88fc4e9458f89516a0b8b0868f3718aec5b47" "check" "--frozen" "--all" "--all-targets" "--message-format=json", kill_on_drop: false }`
[INFO] [stdout] 3579ea5404cc47aa9271b607df88980e3b9a8c2025b8c6599437c3b1dea71daa
[INFO] [stderr] WARNING: Your kernel does not support swap limit capabilities or the cgroup is not mounted. Memory limited without swap.
[INFO] running `Command { std: "docker" "start" "-a" "3579ea5404cc47aa9271b607df88980e3b9a8c2025b8c6599437c3b1dea71daa", kill_on_drop: false }`
[INFO] [stderr]    Compiling autocfg v1.0.1
[INFO] [stderr]    Compiling libc v0.2.76
[INFO] [stderr]    Compiling log v0.4.11
[INFO] [stderr]     Checking cfg-if v0.1.10
[INFO] [stderr]     Checking lazy_static v1.4.0
[INFO] [stderr]     Checking matches v0.1.8
[INFO] [stderr]    Compiling num-traits v0.2.12
[INFO] [stderr]    Compiling num-integer v0.1.43
[INFO] [stderr]     Checking sqlparser v0.5.2-alpha.0 (/opt/rustwide/workdir)
[INFO] [stdout] warning: variant `Auto_Increment` should have an upper camel case name
[INFO] [stdout]    --> src/ast/ddl.rs:342:5
[INFO] [stdout]     |
[INFO] [stdout] 342 |     Auto_Increment(usize)
[INFO] [stdout]     |     ^^^^^^^^^^^^^^ help: convert the identifier to upper camel case: `AutoIncrement`
[INFO] [stdout]     |
[INFO] [stdout]     = note: `#[warn(non_camel_case_types)]` on by default
[INFO] [stdout] 
[INFO] [stdout] 
[INFO] [stdout] warning: unused import: `crate::dialect::keywords::ALL_KEYWORDS`
[INFO] [stdout]    --> src/dialect/keywords.rs:541:9
[INFO] [stdout]     |
[INFO] [stdout] 541 |     use crate::dialect::keywords::ALL_KEYWORDS;
[INFO] [stdout]     |         ^^^^^^^^^^^^^^^^^^^^^^^^^^^^^^^^^^^^^^
[INFO] [stdout]     |
[INFO] [stdout]     = note: `#[warn(unused_imports)]` on by default
[INFO] [stdout] 
[INFO] [stdout] 
[INFO] [stderr]     Checking atty v0.2.14
[INFO] [stderr]     Checking time v0.1.43
[INFO] [stderr]     Checking colored v1.9.3
[INFO] [stderr]     Checking chrono v0.4.15
[INFO] [stdout] warning: 2 warnings emitted
[INFO] [stdout] 
[INFO] [stdout] 
[INFO] [stderr]     Checking simple_logger v1.6.0
[INFO] [stdout] error[E0063]: missing fields `global`, `selection` in initializer of `sqlparser::ast::Statement`
[INFO] [stdout]    --> tests/sqlparser_postgres.rs:412:9
[INFO] [stdout]     |
[INFO] [stdout] 412 |         Statement::ShowVariable {
[INFO] [stdout]     |         ^^^^^^^^^^^^^^^^^^^^^^^ missing `global`, `selection`
[INFO] [stdout] 
[INFO] [stdout] 
[INFO] [stdout] error[E0063]: missing fields `global`, `selection` in initializer of `sqlparser::ast::Statement`
[INFO] [stdout]    --> tests/sqlparser_postgres.rs:420:9
[INFO] [stdout]     |
[INFO] [stdout] 420 |         Statement::ShowVariable {
[INFO] [stdout]     |         ^^^^^^^^^^^^^^^^^^^^^^^ missing `global`, `selection`
[INFO] [stdout] 
[INFO] [stdout] 
[INFO] [stdout] error: aborting due to 2 previous errors
[INFO] [stdout] 
[INFO] [stdout] 
[INFO] [stdout] For more information about this error, try `rustc --explain E0063`.
[INFO] [stdout] 
[INFO] [stderr] error: could not compile `sqlparser`.
[INFO] [stderr] 
[INFO] [stderr] To learn more, run the command again with --verbose.
[INFO] [stderr] warning: build failed, waiting for other jobs to finish...
[INFO] [stdout] warning: variant `Auto_Increment` should have an upper camel case name
[INFO] [stdout]    --> src/ast/ddl.rs:342:5
[INFO] [stdout]     |
[INFO] [stdout] 342 |     Auto_Increment(usize)
[INFO] [stdout]     |     ^^^^^^^^^^^^^^ help: convert the identifier to upper camel case: `AutoIncrement`
[INFO] [stdout]     |
[INFO] [stdout]     = note: `#[warn(non_camel_case_types)]` on by default
[INFO] [stdout] 
[INFO] [stdout] 
[INFO] [stdout] error[E0308]: mismatched types
[INFO] [stdout]     --> tests/sqlparser_common.rs:1384:24
[INFO] [stdout]      |
[INFO] [stdout] 1381 |     match verified_stmt(add_column) {
[INFO] [stdout]      |           ------------------------- this expression has type `sqlparser::ast::Statement`
[INFO] [stdout] ...
[INFO] [stdout] 1384 |             operation: AlterTableOperation::AddColumn { column_def },
[INFO] [stdout]      |                        ^^^^^^^^^^^^^^^^^^^^^^^^^^^^^^^^^^^^^^^^^^^^^ expected struct `Vec`, found enum `sqlparser::ast::AlterTableOperation`
[INFO] [stdout]      |
[INFO] [stdout]      = note: expected struct `Vec<sqlparser::ast::AlterTableOperation>`
[INFO] [stdout]                   found enum `sqlparser::ast::AlterTableOperation`
[INFO] [stdout] 
[INFO] [stdout] 
[INFO] [stdout] error[E0308]: mismatched types
[INFO] [stdout]     --> tests/sqlparser_common.rs:1397:24
[INFO] [stdout]      |
[INFO] [stdout] 1394 |     match verified_stmt(rename_table) {
[INFO] [stdout]      |           --------------------------- this expression has type `sqlparser::ast::Statement`
[INFO] [stdout] ...
[INFO] [stdout] 1397 |             operation: AlterTableOperation::RenameTable { table_name },
[INFO] [stdout]      |                        ^^^^^^^^^^^^^^^^^^^^^^^^^^^^^^^^^^^^^^^^^^^^^^^ expected struct `Vec`, found enum `sqlparser::ast::AlterTableOperation`
[INFO] [stdout]      |
[INFO] [stdout]      = note: expected struct `Vec<sqlparser::ast::AlterTableOperation>`
[INFO] [stdout]                   found enum `sqlparser::ast::AlterTableOperation`
[INFO] [stdout] 
[INFO] [stdout] 
[INFO] [stdout] error[E0308]: mismatched types
[INFO] [stdout]     --> tests/sqlparser_common.rs:1410:17
[INFO] [stdout]      |
[INFO] [stdout] 1406 |       match verified_stmt(rename_column) {
[INFO] [stdout]      |             ---------------------------- this expression has type `sqlparser::ast::Statement`
[INFO] [stdout] ...
[INFO] [stdout] 1410 | /                 AlterTableOperation::RenameColumn {
[INFO] [stdout] 1411 | |                     old_column_name,
[INFO] [stdout] 1412 | |                     new_column_name,
[INFO] [stdout] 1413 | |                 },
[INFO] [stdout]      | |_________________^ expected struct `Vec`, found enum `sqlparser::ast::AlterTableOperation`
[INFO] [stdout]      |
[INFO] [stdout]      = note: expected struct `Vec<sqlparser::ast::AlterTableOperation>`
[INFO] [stdout]                   found enum `sqlparser::ast::AlterTableOperation`
[INFO] [stdout] 
[INFO] [stdout] 
[INFO] [stdout] error[E0308]: mismatched types
[INFO] [stdout]     --> tests/sqlparser_common.rs:1442:28
[INFO] [stdout]      |
[INFO] [stdout] 1439 |         match verified_stmt(&format!("ALTER TABLE tab ADD {}", constraint_text)) {
[INFO] [stdout]      |               ------------------------------------------------------------------ this expression has type `sqlparser::ast::Statement`
[INFO] [stdout] ...
[INFO] [stdout] 1442 |                 operation: AlterTableOperation::AddConstraint(constraint),
[INFO] [stdout]      |                            ^^^^^^^^^^^^^^^^^^^^^^^^^^^^^^^^^^^^^^^^^^^^^^ expected struct `Vec`, found enum `sqlparser::ast::AlterTableOperation`
[INFO] [stdout]      |
[INFO] [stdout]      = note: expected struct `Vec<sqlparser::ast::AlterTableOperation>`
[INFO] [stdout]                   found enum `sqlparser::ast::AlterTableOperation`
[INFO] [stdout] 
[INFO] [stdout] 
[INFO] [stdout] error[E0308]: mismatched types
[INFO] [stdout]     --> tests/sqlparser_common.rs:1470:21
[INFO] [stdout]      |
[INFO] [stdout] 1466 |           match verified_stmt(&format!("ALTER TABLE tab {}", constraint_text)) {
[INFO] [stdout]      |                 -------------------------------------------------------------- this expression has type `sqlparser::ast::Statement`
[INFO] [stdout] ...
[INFO] [stdout] 1470 | /                     AlterTableOperation::DropColumn {
[INFO] [stdout] 1471 | |                         column_name,
[INFO] [stdout] 1472 | |                         if_exists,
[INFO] [stdout] 1473 | |                         cascade,
[INFO] [stdout] 1474 | |                     },
[INFO] [stdout]      | |_____________________^ expected struct `Vec`, found enum `sqlparser::ast::AlterTableOperation`
[INFO] [stdout]      |
[INFO] [stdout]      = note: expected struct `Vec<sqlparser::ast::AlterTableOperation>`
[INFO] [stdout]                   found enum `sqlparser::ast::AlterTableOperation`
[INFO] [stdout] 
[INFO] [stdout] 
[INFO] [stdout] error[E0027]: pattern does not mention field `on_info`
[INFO] [stdout]     --> tests/sqlparser_common.rs:2576:9
[INFO] [stdout]      |
[INFO] [stdout] 2576 | /         Statement::Drop {
[INFO] [stdout] 2577 | |             object_type,
[INFO] [stdout] 2578 | |             if_exists,
[INFO] [stdout] 2579 | |             names,
[INFO] [stdout] 2580 | |             cascade,
[INFO] [stdout] 2581 | |         } => {
[INFO] [stdout]      | |_________^ missing field `on_info`
[INFO] [stdout] 
[INFO] [stdout] 
[INFO] [stdout] error[E0027]: pattern does not mention field `on_info`
[INFO] [stdout]     --> tests/sqlparser_common.rs:2595:9
[INFO] [stdout]      |
[INFO] [stdout] 2595 | /         Statement::Drop {
[INFO] [stdout] 2596 | |             object_type,
[INFO] [stdout] 2597 | |             if_exists,
[INFO] [stdout] 2598 | |             names,
[INFO] [stdout] 2599 | |             cascade,
[INFO] [stdout] 2600 | |         } => {
[INFO] [stdout]      | |_________^ missing field `on_info`
[INFO] [stdout] 
[INFO] [stdout] 
[INFO] [stdout] error: aborting due to 7 previous errors
[INFO] [stdout] 
[INFO] [stdout] 
[INFO] [stdout] Some errors have detailed explanations: E0027, E0308.
[INFO] [stdout] 
[INFO] [stdout] For more information about an error, try `rustc --explain E0027`.
[INFO] [stdout] 
[INFO] [stdout] warning: 1 warning emitted
[INFO] [stdout] 
[INFO] [stdout] 
[INFO] [stderr] error: build failed
[INFO] running `Command { std: "docker" "inspect" "3579ea5404cc47aa9271b607df88980e3b9a8c2025b8c6599437c3b1dea71daa", kill_on_drop: false }`
[INFO] running `Command { std: "docker" "rm" "-f" "3579ea5404cc47aa9271b607df88980e3b9a8c2025b8c6599437c3b1dea71daa", kill_on_drop: false }`
[INFO] [stdout] 3579ea5404cc47aa9271b607df88980e3b9a8c2025b8c6599437c3b1dea71daa
